- 9. Let o(j) = 3*s(j) - 4*y(j). Give o(h).
-10
Let a(h) = 5*h - 26. Let l be 10/8 - (-1455)/388. Determine a(l).
-1
Let t(c) = -c**3 + 4*c**2 + 4*c + 6. Suppose -2*q - 5 = -11. Let k be (-2)/(-1 + q + -1). Let r be (15/3 - k) + -2. What is t(r)?
1
Let n(z) = -z**3 + 7*z**2 + z - 7. Let l be n(7). Let g be 4/(-4 - -3 - -3). Let d(h) = -1 + l*h**2 - 2*h**3 + g*h**3 + h**3 + 3*h - 6*h**2. Give d(2).
-11
Let k be (2/(-3))/(4/(-12)). Let s(g) = g + 2*g - k - g. What is s(6)?
10
Let t(n) = -2*n**2 - 7*n - 5. Let k(d) = -2*d**2 - 6*d - 4. Let c(q) = 6*k(q) - 5*t(q). Let o(l) = l**3 + 10*l**2 - 25*l - 11. Let g be o(-12). What is c(g)?
-2
Let l(j) = -j**2 - 3*j - 7. Let m = 13 + -10. Suppose -2 = m*t + 1. Let g(n) = 1. Let w(b) = t*l(b) - 3*g(b). Determine w(-3).
4
Let k(w) be the second derivative of w**4/12 + 5*w**3/6 + 7*w**2/2 + 20*w. Give k(-5).
7
Let v(k) = -7*k + 7. Let b be v(2). Let s(l) = -l**3 - 7*l**2 - 1. Let y be s(b). Let i(o) = -13*o - 1. What is i(y)?
12
Suppose 0 = -5*v + 5*q + 45, 3*v = -2*v - 3*q + 21. Let y be 130/14 + v/(-21). Let i(t) = 2*t - y - t + 3. Calculate i(-5).
-11
Let j(h) = h**2 - h. Let v be j(-1). Let z(w) = -w**2 + w + 1. Let x be z(v). Let k(o) = -10*o**2 - o - 2*o + 2*o + o**2 - 1. What is k(x)?
-9
Let n(y) be the first derivative of 1/3*y**3 - 5/2*y**2 + 2*y - 8. Determine n(5).
2
Suppose 4*u = 3*u + 6. Suppose 0 = -u*o + o. Let z(r) = 2*r - r + r**3 + o*r - 3 - 5*r**2 + r. Give z(5).
7
Let r(k) be the third derivative of k**6/120 - 2*k**5/15 + k**4/24 - 3*k**3 + 104*k**2. What is r(8)?
-10
Let b be (1/4)/((-2)/(-24)). Let v(s) = -s**b - 1 - 4*s**3 + s - 4 + 4. Determine v(1).
-5
Let t(p) = -7*p - 1. Let z be -4 - ((1 - -2) + 1). Let m be 0 - (-3 + z/(-4)). Determine t(m).
-8
Let f(j) be the first derivative of j**3/3 - 5*j**2/2 + j + 2. Let m be 0*(2 + (-6)/4). Let v be m - -5 - 0/1. What is f(v)?
1
Let y(z) = -z**3 + 8*z**2 - 3*z + 11. Suppose 0 = -2*o + 8, 2*a - 4*o = 7*a - 36. Suppose 5*m + 11 = 2*t, t - a*m - 12 = -t. Give y(t).
-13
Let q(v) = -v**2 + 2*v. Let r be q(2). Let t(w) = 5*w - 1. Let c(j) = -j + 2. Let y(l) = -4*c(l) - t(l). Calculate y(r).
-7
Let p(y) = -y**2 - 12*y - 7. Let u = -106 - -94. Calculate p(u).
-7
Let i(y) = y**3 + 2*y**2 - y + 3. Let o be (-1)/(6/4) - (-1853)/(-51). Let p = o + 34. What is i(p)?
-3
Let h(c) = c + 1. Let l be h(5). Let u(d) be the third derivative of -1/6*d**3 + 0*d + 0 + 2*d**2 + 1/24*d**4. What is u(l)?
5
Let o(g) be the first derivative of -g**4/2 + 4*g**3/3 - 3*g**2/2 + g - 259. Determine o(2).
-5
Let z(v) = v**3 - 3. Let q = -121 - -121. Calculate z(q).
-3
Let v(n) = n**3 - 14*n**2 + 27*n - 41. Let r be v(12). Let y(l) = l**2 + 6*l + 10. Determine y(r).
5
Let n be (-1 - -1)*(-2 - -3). Let r(t) be the first derivative of -t**2/2 + 6*t - 1628. What is r(n)?
6
Let k = -13 - -22. Let l(v) = v**2 - 9*v + 3. Let r be l(k). Suppose -4*z = 15 - r. Let t(i) = i**3 + 3*i**2 + 4*i + 4. Calculate t(z).
-8
Let z(x) = x**2 - 4*x + 1. Suppose 2*a + 3*t = -2*t + 22, a = -3*t + 13. Let m = 6 - a. Determine z(m).
6
Let z(l) = -2*l - 4. Let c be z(-2). Suppose 0*j + j + h - 5 = c, 5*h = 10. Let x(p) = 3*p - 1. Determine x(j).
8
Suppose -177*f = -165*f + 60. Let p(w) = w**2 + 7*w. Give p(f).
-10
Let j(m) be the first derivative of -m**3/3 - 5*m**2/2 + 4*m - 624. Calculate j(-3).
10
Suppose l - 6*l - 5 = 0. Let y be (-6)/5*(l - 4). Let x(d) = d**3 - 7*d**2 + 6*d - 6. Give x(y).
-6
Let b(t) = -6*t + 71. Let a be -3 + 17 + 7 + -8. What is b(a)?
-7
Suppose -9 - 16 = 5*o - 5*v, 2*o + 2*v = 10. Let u(r) be the second derivative of o - 1/20*r**5 + 5/6*r**3 - 5*r - 5/12*r**4 - 2*r**2. Determine u(-6).
2
Let p(o) = o**2 + 2*o + 2. Suppose -2*x - 2*x - 7 = y, y + 2 = x. Calculate p(y).
5
Let h(z) = 9*z + 1. Suppose 9*s = 5243 - 5270. What is h(s)?
-26
Let z(o) = -2*o**3 - o**2 + o. Suppose 13 + 11 = 6*x. Suppose t - 3*j + 11 = 0, -5*t + 3*j - x*j = -9. Calculate z(t).
-2
Let g = -15 + 24. Let c be g/6*(2 + 0). Let a(n) = -n**3 - 2*n - n**c + 4*n**2 + n**3. What is a(4)?
-8
Let l(v) = -v**3 + 5*v**2 + 4*v - 4. Let m be 45/(-3)*(-6)/18. Determine l(m).
16
Let p(t) = 12*t**3 + t**2 + t. Let q be p(-1). Let y be ((-49)/(-28))/((-3)/q). Let w(m) = m**3 - 8*m**2 + 8*m - 7. What is w(y)?
0
Let n be (1 + -1)*(-7 + 26/4). Let v(o) = -o**3 - o**2 - o - 6. Let x(c) = -4*c**3 - 5*c**2 - 4*c - 24. Let i(f) = 9*v(f) - 2*x(f). Give i(n).
-6
Let z = -6 + 1. Let p(l) be the third derivative of -l**3 + 0*l + 0 + 4*l**2 + 1/6*l**4 + 1/60*l**5. Give p(z).
-1
Let v(a) be the second derivative of -7/12*a**4 + 1/20*a**5 - 2*a**2 + 0 + a**3 + 2*a. Let z be v(6). Let m(g) = -g**3 - 4*g**2 - 3*g - 2. Determine m(z).
10
Let q(d) = -19*d - 1. Let m(p) = -3*p + 71. Let v be m(23). Calculate q(v).
-39
Let r be (0 + 8)*1/4. Let d be 5 - (-2 + 3) - r. Suppose -d*k = -12 + 6. Let p(o) = 2*o**2 - 3*o - 3. Calculate p(k).
6
Suppose -2*o + u - 18 = 0, -8*o + 3*o = 5*u + 30. Let c(q) = 2*q**3 + 16*q**2 + q + 8. Calculate c(o).
0
Let p(x) = x + 16. Let j be p(-15). Let i(a) = 2*a - 7 - j + 4. Determine i(3).
2
Suppose 0 = 4*a - 2*l + 8, 2*a + l = 6*a + 10. Let j(x) = -7*x + 1. What is j(a)?
22
Let w(u) = -u**2 - u. Let m(a) = -2*a**2 + 17*a - 6. Let k be m(8). Suppose 159*c - 161*c + k = 0. Give w(c).
-2
Let y = 1 - -2. Let f(i) = -2*i + 2. Let u be f(y). Let g(v) = 0*v**3 + 0*v**2 + v**3 + v**2 + 3*v**2 - 4 + 2*v + v**2. What is g(u)?
4
Let d(i) = -7 - 97*i + 145*i + 2*i**2 - 46*i. Give d(2).
5
Let m(l) be the third derivative of -l**8/10080 - l**7/1008 - l**6/720 + l**5/20 + l**2. Let g(i) be the third derivative of m(i). Determine g(-4).
-13
Let a be (16/(-64))/(2/(-7))*8. Let c(b) = 3*b + 3. Determine c(a).
24
Suppose -3*c = -9*d + 11*d, -5*d + 21 = -3*c. Let n(f) be the second derivative of -f**5/20 + f**4/3 - 2*f**3/3 + f**2/2 - 2*f. What is n(d)?
-2
Let p = -35 - -38. Let n(s) = 0*s**2 - 2*s + 4*s**2 - p - 3*s**2. Let g = 12 + -8. Calculate n(g).
5
Let f be 0/(1 + 5 - 7). Let m(n) be the third derivative of 0*n - 2/3*n**3 + n**2 + f + 1/120*n**6 - 1/30*n**5 - 1/12*n**4. Determine m(3).
-1
Let t be 2/4*-2 - (-5 - -5). Let s(i) = 11*i**2 + i. Calculate s(t).
10
Let i = 30 - 34. Let c(g) = g**2 + 6*g + 3. Determine c(i).
-5
Let z be 2/(-10) - (-16)/5. Suppose z*j = 8*j - 15. Suppose t + j*t = 0. Let m(k) = k**3 + k**2 + k + 4. Give m(t).
4
Let j(x) = -6*x + x**3 + 0*x**3 + 3*x**2 + 1 + 7*x - 4*x**2. What is j(0)?
1
Let f(k) = -k**2 + 15*k - 38. Let d be f(4). Let v(b) = -b**2 + 7*b + 3. Calculate v(d).
9
Let z(t) = -3*t + 421*t**2 + 0 - 422*t**2 + 2. What is z(2)?
-8
Let j be (-1 + -2 - 1) + 9. Suppose u + 3 = -0*u - 3*w, 0 = 5*u + 5*w - j. Let n(z) = -5*z + 5*z**3 + 2 + 4*z**3 - 8*z**3 - u*z**2. Calculate n(4).
-2
Let n be (-3 - 0 - -2) + -2. Let o be -1 + (-3 - 6/n). Let s(m) = -2 - 2*m + 5*m - 2*m - 4*m. Determine s(o).
4
Let y(w) be the first derivative of w**3/3 - 13*w**2/2 + 9*w + 212. Give y(12).
-3
Let i = 39 - 19. Let w = i - -1. Let n = w - 26. Let j(c) = c**3 + 5*c**2 - 2*c - 1. Determine j(n).
9
Let m be (((-8)/12)/(4 - 2))/((-11)/231). Let b(n) be the first derivative of n**4/4 - 7*n**3/3 + n**2/2 - 9*n + 1. Give b(m).
-2
Let z(r) be the third derivative of 25*r**4/24 - r**3/6 - 92*r**2. Determine z(-1).
-26
Let g(u) = -u**3 - 4*u**2 - 2*u + 3. Suppose 15*q - 12*q = 327. Let s = 106 - q. What is g(s)?
0
Let c(g) be the third derivative of g**5/10 + g**4/6 + 5*g**3/6 + 585*g**2. Calculate c(-2).
21
Let c(q) be the first derivative of 41 - 1/2*q**2 + 10*q. Give c(11).
-1
Let h(i) = 27*i - 55*i + 32*i + 8 + 0. Determine h(-6).
-16
Let r(f) = 4 + 112*f**3 - 215*f**3 + 4*f**2 + 6*f + 104*f**3. Determine r(-3).
-5
Suppose -3*t = 4*p - 8, -3*p - 11 = -2*t - 0*t. Let r(i) = -i**3 + 3*i + 6. Let d be (-2)/5 + 18/(-30). Let x(m) = 1. Let l(j) = d*r(j) + t*x(j). Give l(-2).
-4
Suppose -5*r + 3 = -2*d - 6, 3*d + 6 = 5*r. Let n(o) be the third derivative of -o**4/12 + 2*o**3/3 + 12*o**2. Give n(r).
-2
Let j(z) = z**2 - 11*z + 3. Let y be j(11). Let n(x) = -x**3 - 5*x**2 - 6*x - 14. Let l be n(-5). Let o(d) = 6 - 9*d + y*d**2 - 2*d**2 + l*d. Calculate o(-6).
0
Let n = -2 - -2. Suppose z - 1 = -n*z. Let t(y) = -30*y**2 - 7*y - 16. Let f(o) = 16*o**2 + 4*o + 9. Let x(r) = 7*f(r) + 4*t(r). What is x(z)?
-9
Let n(i) be the 